{"version":"1.0","provider_name":"TURKMENISTAN AND WORLD NEWS","provider_url":"https:\/\/atavatan-turkmenistan.com\/tr\/","title":"T&uuml;rkmenistan, Uluslararas\u0131 &Ccedil;in \u0130thalat Fuar\u0131&rsquo;na kat\u0131l\u0131yor - TURKMENISTAN AND WORLD NEWS","type":"rich","width":600,"height":338,"html":"<blockquote class=\"wp-embedded-content\" data-secret=\"mE8EtG2dq3\"><a href=\"https:\/\/atavatan-turkmenistan.com\/tr\/trkmenistan-uluslararasi-in-ithalat-fuarina-katiliyor\/\">T&uuml;rkmenistan, Uluslararas\u0131 &Ccedil;in \u0130thalat Fuar\u0131&rsquo;na kat\u0131l\u0131yor<\/a><\/blockquote><iframe sandbox=\"allow-scripts\" security=\"restricted\" src=\"https:\/\/atavatan-turkmenistan.com\/tr\/trkmenistan-uluslararasi-in-ithalat-fuarina-katiliyor\/embed\/#?secret=mE8EtG2dq3\" width=\"600\" height=\"338\" title=\"&#8220;T&uuml;rkmenistan, Uluslararas\u0131 &Ccedil;in \u0130thalat Fuar\u0131&rsquo;na kat\u0131l\u0131yor&#8221; &#8212; TURKMENISTAN AND WORLD NEWS\" data-secret=\"mE8EtG2dq3\" frameborder=\"0\" marginwidth=\"0\" marginheight=\"0\" scrolling=\"no\" class=\"wp-embedded-content\"><\/iframe><script type=\"text\/javascript\">\n\/* <![CDATA[ *\/\n\/*! This file is auto-generated *\/\n!function(d,l){\"use strict\";l.querySelector&&d.addEventListener&&\"undefined\"!=typeof URL&&(d.wp=d.wp||{},d.wp.receiveEmbedMessage||(d.wp.receiveEmbedMessage=function(e){var t=e.data;if((t||t.secret||t.message||t.value)&&!\/[^a-zA-Z0-9]\/.test(t.secret)){for(var s,r,n,a=l.querySelectorAll('iframe[data-secret=\"'+t.secret+'\"]'),o=l.querySelectorAll('blockquote[data-secret=\"'+t.secret+'\"]'),c=new RegExp(\"^https?:$\",\"i\"),i=0;i<o.length;i++)o[i].style.display=\"none\";for(i=0;i<a.length;i++)s=a[i],e.source===s.contentWindow&&(s.removeAttribute(\"style\"),\"height\"===t.message?(1e3<(r=parseInt(t.value,10))?r=1e3:~~r<200&&(r=200),s.height=r):\"link\"===t.message&&(r=new URL(s.getAttribute(\"src\")),n=new URL(t.value),c.test(n.protocol))&&n.host===r.host&&l.activeElement===s&&(d.top.location.href=t.value))}},d.addEventListener(\"message\",d.wp.receiveEmbedMessage,!1),l.addEventListener(\"DOMContentLoaded\",function(){for(var e,t,s=l.querySelectorAll(\"iframe.wp-embedded-content\"),r=0;r<s.length;r++)(t=(e=s[r]).getAttribute(\"data-secret\"))||(t=Math.random().toString(36).substring(2,12),e.src+=\"#?secret=\"+t,e.setAttribute(\"data-secret\",t)),e.contentWindow.postMessage({message:\"ready\",secret:t},\"*\")},!1)))}(window,document);\n\/* ]]> *\/\n<\/script>\n","description":"5 Kas\u0131m&rsquo;da ba\u015flayarak, 10 Kas\u0131m&rsquo;a kadar devam eden &Ccedil;in'in \u015eanghay kentinde d&uuml;zenlenmekte olan bu &uuml;lkenin ilk Uluslararas\u0131 &Ccedil;in \u0130thalat Fuar\u0131 t&uuml;m d&uuml;nyadan b&uuml;y&uuml;k ilgi g&ouml;rmektedir. 80&rsquo;den fazla &uuml;lkenin stant a&ccedil;t\u0131\u011f\u0131 fuara, T&uuml;rkmenistan da kat\u0131lmaktad\u0131r. Ticaret sekt&ouml;r&uuml;n&uuml; kapsayan fuara d&uuml;nyan\u0131n bir&ccedil;ok &uuml;lkesinden devlet ve h&uuml;k&uuml;met ba\u015fkanlar\u0131 kat\u0131lmaktad\u0131r."}

T&uuml;rkmenistan, Uluslararası &Ccedil;in İthalat Fuarı&rsquo;na katılıyor - TURKMENISTAN AND WORLD NEWS

<blockquote class="wp-embedded-content" data-secret="mE8EtG2dq3"><a href="https://atavatan-turkmenistan.com/tr/trkmenistan-uluslararasi-in-ithalat-fuarina-katiliyor/">T&uuml;rkmenistan, Uluslararası &Ccedil;in İthalat Fuarı&rsquo;na katılıyor</a></blockquote><iframe sandbox="allow-scripts" security="restricted" src="https://atavatan-turkmenistan.com/tr/trkmenistan-uluslararasi-in-ithalat-fuarina-katiliyor/embed/#?secret=mE8EtG2dq3" width="600" height="338" title="&#8220;T&uuml;rkmenistan, Uluslararası &Ccedil;in İthalat Fuarı&rsquo;na katılıyor&#8221; &#8212; TURKMENISTAN AND WORLD NEWS" data-secret="mE8EtG2dq3" frameborder="0" marginwidth="0" marginheight="0" scrolling="no" class="wp-embedded-content"></iframe><script type="text/javascript">
/* <![CDATA[ */
/*! This file is auto-generated */
!function(d,l){"use strict";l.querySelector&&d.addEventListener&&"undefined"!=typeof URL&&(d.wp=d.wp||{},d.wp.receiveEmbedMessage||(d.wp.receiveEmbedMessage=function(e){var t=e.data;if((t||t.secret||t.message||t.value)&&!/[^a-zA-Z0-9]/.test(t.secret)){for(var s,r,n,a=l.querySelectorAll('iframe[data-secret="'+t.secret+'"]'),o=l.querySelectorAll('blockquote[data-secret="'+t.secret+'"]'),c=new RegExp("^https?:$","i"),i=0;i<o.length;i++)o[i].style.display="none";for(i=0;i<a.length;i++)s=a[i],e.source===s.contentWindow&&(s.removeAttribute("style"),"height"===t.message?(1e3<(r=parseInt(t.value,10))?r=1e3:~~r<200&&(r=200),s.height=r):"link"===t.message&&(r=new URL(s.getAttribute("src")),n=new URL(t.value),c.test(n.protocol))&&n.host===r.host&&l.activeElement===s&&(d.top.location.href=t.value))}},d.addEventListener("message",d.wp.receiveEmbedMessage,!1),l.addEventListener("DOMContentLoaded",function(){for(var e,t,s=l.querySelectorAll("iframe.wp-embedded-content"),r=0;r<s.length;r++)(t=(e=s[r]).getAttribute("data-secret"))||(t=Math.random().toString(36).substring(2,12),e.src+="#?secret="+t,e.setAttribute("data-secret",t)),e.contentWindow.postMessage({message:"ready",secret:t},"*")},!1)))}(window,document);
/* ]]> */
</script>

5 Kasım&rsquo;da başlayarak, 10 Kasım&rsquo;a kadar devam eden &Ccedil;in'in Şanghay kentinde d&uuml;zenlenmekte olan bu &uuml;lkenin ilk Uluslararası &Ccedil;in İthalat Fuarı t&uuml;m d&uuml;nyadan b&uuml;y&uuml;k ilgi g&ouml;rmektedir. 80&rsquo;den fazla &uuml;lkenin stant a&ccedil;tığı fuara, T&uuml;rkmenistan da katılmaktadır. Ticaret sekt&ouml;r&uuml;n&uuml; kapsayan fuara d&uuml;nyanın bir&ccedil;ok &uuml;lkesinden devlet ve h&uuml;k&uuml;met başkanları katılmaktadır.
