{"version":"1.0","provider_name":"TURKMENISTAN AND WORLD NEWS","provider_url":"https:\/\/atavatan-turkmenistan.com\/tr\/","title":"Garabo\u011faz &Uuml;re Fabrikas\u0131 17 Eyl&uuml;lde faaliyete girecek - TURKMENISTAN AND WORLD NEWS","type":"rich","width":600,"height":338,"html":"<blockquote class=\"wp-embedded-content\" data-secret=\"azp7u1Vaus\"><a href=\"https:\/\/atavatan-turkmenistan.com\/tr\/garabogaz-re-fabrikasi-17-eyllde-faaliyete-girecek\/\">Garabo\u011faz &Uuml;re Fabrikas\u0131 17 Eyl&uuml;lde faaliyete girecek<\/a><\/blockquote><iframe sandbox=\"allow-scripts\" security=\"restricted\" src=\"https:\/\/atavatan-turkmenistan.com\/tr\/garabogaz-re-fabrikasi-17-eyllde-faaliyete-girecek\/embed\/#?secret=azp7u1Vaus\" width=\"600\" height=\"338\" title=\"&#8220;Garabo\u011faz &Uuml;re Fabrikas\u0131 17 Eyl&uuml;lde faaliyete girecek&#8221; &#8212; TURKMENISTAN AND WORLD NEWS\" data-secret=\"azp7u1Vaus\" frameborder=\"0\" marginwidth=\"0\" marginheight=\"0\" scrolling=\"no\" class=\"wp-embedded-content\"><\/iframe><script type=\"text\/javascript\">\n\/* <![CDATA[ *\/\n\/*! This file is auto-generated *\/\n!function(d,l){\"use strict\";l.querySelector&&d.addEventListener&&\"undefined\"!=typeof URL&&(d.wp=d.wp||{},d.wp.receiveEmbedMessage||(d.wp.receiveEmbedMessage=function(e){var t=e.data;if((t||t.secret||t.message||t.value)&&!\/[^a-zA-Z0-9]\/.test(t.secret)){for(var s,r,n,a=l.querySelectorAll('iframe[data-secret=\"'+t.secret+'\"]'),o=l.querySelectorAll('blockquote[data-secret=\"'+t.secret+'\"]'),c=new RegExp(\"^https?:$\",\"i\"),i=0;i<o.length;i++)o[i].style.display=\"none\";for(i=0;i<a.length;i++)s=a[i],e.source===s.contentWindow&&(s.removeAttribute(\"style\"),\"height\"===t.message?(1e3<(r=parseInt(t.value,10))?r=1e3:~~r<200&&(r=200),s.height=r):\"link\"===t.message&&(r=new URL(s.getAttribute(\"src\")),n=new URL(t.value),c.test(n.protocol))&&n.host===r.host&&l.activeElement===s&&(d.top.location.href=t.value))}},d.addEventListener(\"message\",d.wp.receiveEmbedMessage,!1),l.addEventListener(\"DOMContentLoaded\",function(){for(var e,t,s=l.querySelectorAll(\"iframe.wp-embedded-content\"),r=0;r<s.length;r++)(t=(e=s[r]).getAttribute(\"data-secret\"))||(t=Math.random().toString(36).substring(2,12),e.src+=\"#?secret=\"+t,e.setAttribute(\"data-secret\",t)),e.contentWindow.postMessage({message:\"ready\",secret:t},\"*\")},!1)))}(window,document);\n\/* ]]> *\/\n<\/script>\n","description":"T&uuml;rk Gap \u0130n\u015faat \u015firketi taraf\u0131ndan in\u015fa edilen Garabo\u011faz Amonyak ve &Uuml;re &Uuml;retim Tesisi 17 Eyl&uuml;lde faaliyete girecek. A&ccedil;\u0131l\u0131\u015f t&ouml;renine Atavatan T&uuml;rkmenistan dergisinin de davet edildi\u011fi son teknoloji ile donat\u0131lan tesiste y\u0131ll\u0131k 1.155.000 ton &uuml;re &uuml;retilecek. Halihaz\u0131rda, tesiste ana hammaddelerin &uuml;retimi - s\u0131v\u0131la\u015ft\u0131r\u0131lm\u0131\u015f amonya\u011f\u0131n ilk partisinin &uuml;retimi ba\u015flam\u0131\u015ft\u0131r. Teknolojik s&uuml;re&ccedil; otomatikle\u015ftirilmi\u015ftir, merkezi"}

Garaboğaz &Uuml;re Fabrikası 17 Eyl&uuml;lde faaliyete girecek - TURKMENISTAN AND WORLD NEWS

<blockquote class="wp-embedded-content" data-secret="azp7u1Vaus"><a href="https://atavatan-turkmenistan.com/tr/garabogaz-re-fabrikasi-17-eyllde-faaliyete-girecek/">Garaboğaz &Uuml;re Fabrikası 17 Eyl&uuml;lde faaliyete girecek</a></blockquote><iframe sandbox="allow-scripts" security="restricted" src="https://atavatan-turkmenistan.com/tr/garabogaz-re-fabrikasi-17-eyllde-faaliyete-girecek/embed/#?secret=azp7u1Vaus" width="600" height="338" title="&#8220;Garaboğaz &Uuml;re Fabrikası 17 Eyl&uuml;lde faaliyete girecek&#8221; &#8212; TURKMENISTAN AND WORLD NEWS" data-secret="azp7u1Vaus" frameborder="0" marginwidth="0" marginheight="0" scrolling="no" class="wp-embedded-content"></iframe><script type="text/javascript">
/* <![CDATA[ */
/*! This file is auto-generated */
!function(d,l){"use strict";l.querySelector&&d.addEventListener&&"undefined"!=typeof URL&&(d.wp=d.wp||{},d.wp.receiveEmbedMessage||(d.wp.receiveEmbedMessage=function(e){var t=e.data;if((t||t.secret||t.message||t.value)&&!/[^a-zA-Z0-9]/.test(t.secret)){for(var s,r,n,a=l.querySelectorAll('iframe[data-secret="'+t.secret+'"]'),o=l.querySelectorAll('blockquote[data-secret="'+t.secret+'"]'),c=new RegExp("^https?:$","i"),i=0;i<o.length;i++)o[i].style.display="none";for(i=0;i<a.length;i++)s=a[i],e.source===s.contentWindow&&(s.removeAttribute("style"),"height"===t.message?(1e3<(r=parseInt(t.value,10))?r=1e3:~~r<200&&(r=200),s.height=r):"link"===t.message&&(r=new URL(s.getAttribute("src")),n=new URL(t.value),c.test(n.protocol))&&n.host===r.host&&l.activeElement===s&&(d.top.location.href=t.value))}},d.addEventListener("message",d.wp.receiveEmbedMessage,!1),l.addEventListener("DOMContentLoaded",function(){for(var e,t,s=l.querySelectorAll("iframe.wp-embedded-content"),r=0;r<s.length;r++)(t=(e=s[r]).getAttribute("data-secret"))||(t=Math.random().toString(36).substring(2,12),e.src+="#?secret="+t,e.setAttribute("data-secret",t)),e.contentWindow.postMessage({message:"ready",secret:t},"*")},!1)))}(window,document);
/* ]]> */
</script>

T&uuml;rk Gap İnşaat şirketi tarafından inşa edilen Garaboğaz Amonyak ve &Uuml;re &Uuml;retim Tesisi 17 Eyl&uuml;lde faaliyete girecek. A&ccedil;ılış t&ouml;renine Atavatan T&uuml;rkmenistan dergisinin de davet edildiği son teknoloji ile donatılan tesiste yıllık 1.155.000 ton &uuml;re &uuml;retilecek. Halihazırda, tesiste ana hammaddelerin &uuml;retimi - sıvılaştırılmış amonyağın ilk partisinin &uuml;retimi başlamıştır. Teknolojik s&uuml;re&ccedil; otomatikleştirilmiştir, merkezi
